ive of l**3/3 + 11*l**2/2 - l + 134. What is n(-5)?
-31
Suppose 18 - 24 = -2*l. Suppose 0 = l*a + 4*y - 46 - 56, 4*y = 0. Let r = -33 + a. Let d(m) = 7*m. Calculate d(r).
7
Let y(i) = -i + 1. Suppose 0 = -15*w + 88 + 77. Give y(w).
-10
Let z(c) be the first derivative of -c**4/2 + c**3 + c**2 + c - 568. Give z(-2).
25
Let u be 34/18 + 2/18. Let w(f) = -u*f + f - f**2 + f - f. Calculate w(2).
-6
Let s(r) be the third derivative of r**6/360 - r**5/60 + r**4/24 - 17*r**3/6 + 5*r**2. Let c(l) be the first derivative of s(l). Give c(1).
0
Let z(i) = 2*i**2 + 7*i - 1. Let h be (2/2*-1)/(57/171). What is z(h)?
-4
Let o(l) be the second derivative of l**5/20 + l**4/6 - l**3/2 + l**2 + 3*l + 18. What is o(-3)?
2
Suppose 2*q - 2 = 0, -5*p = 4*q - 5*q - 19. Let u(t) be the third derivative of 0 - 1/24*t**p + 0*t - 6*t**2 - t**3. Calculate u(-3).
-3
Let w(t) = -2 + 1 - t**2 + 8*t - 6. Let o(j) = 7*j**2 - 141*j + 25. Let c be o(20). Give w(c).
8
Suppose -2*x = -0*x - 6. Suppose x*g = -11 - 7. Let s(k) = -2*k**2 - 12*k + 7. Let b(r) = 3*r**2 + 18*r - 10. Let i(n) = -5*b(n) - 7*s(n). Determine i(g).
1
Let h(i) = -i**3 - 4*i**2 + 10*i - 11. Let a be h(-6). Let f(q) be the first derivative of -2*q**4 + q**2/2 - 3. Calculate f(a).
-7
Let x = 6 + -4. Let v(z) = 7*z**x + z**3 + 0 + 5 - 6*z + 11*z. Give v(-6).
11
Let o(k) = 14*k - 3. Let g(u) = -u**3 + 0*u**2 + 0 + 2 - 9*u - 15*u - 25*u**2. Let n be g(-24). Give o(n).
25
Suppose 0 = -5*a + 4*g + 50, a + g = 6*a - 50. Let c(o) = -o + 1. Let u(t) = 5*t - 2. Let m(f) = 6*c(f) + u(f). What is m(a)?
-6
Let c(h) = h**2. Let s = -23 - -23. Suppose v + s = 3. Suppose 5*p - 1 = -v*w, w - 4 = -5*p + 3. Give c(p).
4
Let o(a) = -8*a**3 - 3*a**2 + 2. Suppose -140*d - 129 = 11. Calculate o(d).
7
Let k(x) be the third derivative of -1/2*x**3 + 1/12*x**4 - 23*x**2 + 0 + 0*x. Determine k(3).
3
Let d(j) be the first derivative of -5*j**2/2 + 2*j - 1. Suppose 27 = -3*q + 2*f, 5*q + 45 = -f - f. Let m be q/(-6) - (-4)/8. Calculate d(m).
-8
Let y = -88 - -89. Suppose a - 4 = y. Let d(i) = -3 - 2 + i**3 + 0*i**3 - 5*i**2. Give d(a).
-5
Suppose 16 = 3*u - 8. Let m(g) = 3 + 3 - 4 + g**2 - 1 - 9*g. What is m(u)?
-7
Let s(n) = 33*n + 7 - 58*n + 24*n - 11. Give s(1).
-5
Let r(n) be the first derivative of -n**3/6 + n**2 + 14*n + 11. Let l(x) be the first derivative of r(x). Calculate l(0).
2
Let y = -44 + 53. Let t(z) = z + 7 - y + 0*z. Determine t(5).
3
Let l(t) be the first derivative of -5*t**2 - 3*t - 610. Suppose 0*u - 6 = 3*u. Give l(u).
17
Let j(k) = 19*k**2 - k - 2. Let g be 2/4*(4 + -6). Give j(g).
18
Let r be (2 - 4 - -10)/(1/(-1)). Let l(i) = -i**2 - 9*i - 4. Let d be l(r). Let q(z) = 2*z**2 - 3*z - 3. Calculate q(d).
17
Let o(r) = 1 + 17*r + 16*r - 34*r. Let s = 2 - 5. Determine o(s).
4
Let g(c) = c**3 - 3*c**2 - 3*c - 5. Suppose 8*m = -4 + 36. Calculate g(m).
-1
Suppose 2*b + 3*b - g - 3 = 0, 2*b - 2*g = 6. Suppose -4*t - 61 = 5*l, -t + b*t = -5*l - 41. Let i(d) = d**3 + 9*d**2 + d + 9. Give i(l).
0
Let z(g) = g**3 + 2*g**2 - 3*g. Let v(j) = -j**3 - j**2 + j - 4. Let f be v(0). Let y be (-12)/f*3/9. Suppose p + y = -2. What is z(p)?
0
Let n(t) be the first derivative of -t**6/360 - t**5/60 - t**4/12 - 4*t**3 - 32. Let p(m) be the third derivative of n(m). What is p(-2)?
-2
Let d(z) = 2*z**3 + 7*z**2 - 20*z - 27. Let m(s) = -s**3 - 3*s**2 + 11*s + 14. Let t(c) = 4*d(c) + 7*m(c). Give t(-7).
11
Let d = 6 - 2. Let b(j) be the second derivative of 0 + 5/2*j**2 + 1/3*j**3 - 1/12*j**4 - 12*j. Determine b(d).
-3
Let d = -10 - -8. Let w be (-5 + 0)/(-3 - d). Suppose -7 = -w*o + 3. Let k(q) = 3*q**2 - 3*q + 3. Give k(o).
9
Let p(b) = -b**2 - 8*b - 7. Let d be p(-5). Let u(k) = 3 + 19*k - 5*k - 10*k - d*k. Determine u(2).
-5
Let s be -12 + 6 + 4 + -1 + 6. Let f(m) be the third derivative of m**5/30 - m**4/12 + 17*m**2. Give f(s).
12
Let q(f) be the third derivative of 0 - 5*f**2 + 0*f**5 + 1/6*f**3 + 0*f - 1/24*f**4 + 1/120*f**6. Suppose t + 14 = -5*m, -m = 5*t + 4*m + 10. Calculate q(t).
1
Let x(y) = y**2 - 6*y + 3. Let q be x(6). Let l(n) = -1528*n**3 + 7 + 6*n**2 + 0*n**2 - 7*n + 1527*n**q. What is l(5)?
-3
Let j(p) = -p**2 + 7*p - 8. Let i(z) = -z**2 - 10*z + 33. Let s be i(-12). Suppose -6*b - 21 = -s*b. Determine j(b).
-8
Let k be ((-9)/2)/((-6)/32). Suppose -k - 26 = 5*x. Let h = -6 - x. Let g(m) = m**2 - 5*m + 6. Calculate g(h).
2
Let m = 3 - 3. Suppose 5*x = -2*d + d + 5, d = m. Let c(r) = 182*r**3 - 366*r**3 + 178*r**3 + r. Give c(x).
-5
Let x(h) = -4*h - 18. Let v(k) = 6*k + 22. Let n(j) = 4*v(j) + 5*x(j). What is n(-1)?
-6
Let i be 2 + -12 + (-252)/(-28). Let y(q) = 5*q**3 + q**2. Determine y(i).
-4
Let s(n) be the third derivative of n**6/120 + n**5/20 - n**4/6 - n**3 + n**2. Suppose -31 = 17*z - 13*z - 5*i, 2*z + 5*i = 7. What is s(z)?
-6
Suppose 3*t - 3 = -0. Let y(m) = -t - 13*m**2 - 10*m**2 + 24*m**2 + 2. Give y(2).
5
Suppose 3*c = -0*v - v - 4, -v + 2*c = -16. Let b(d) = -d**2 + 8*d - 2. Calculate b(v).
-2
Let c(b) = 11*b + 30*b - 43*b. Determine c(5).
-10
Let g(c) = c**3 - 5*c**2 - c. Let j be -3 + (-2 - -4) + -1. Let i(u) = u**3 - 4*u**2. Let a(p) = j*g(p) + 3*i(p). Give a(3).
15
Let c(d) = -d + 8 - d**2 + 2*d + 2*d. Let n be 456/144 - ((-2)/12)/(-1). Suppose -4*z = -n*s - 27, -5*z + 19 = 4*s - 7. Determine c(z).
-10
Let u be 4 + 2 + (-3 - -2). Let l(b) = -4*b - b**2 + u*b + 6*b - 8. Determine l(8).
-16
Let r be ((-1)/(-1) - -3) + 2. Suppose r*t = 3*t + 15. Let n(o) = -1 + o**3 + 0*o + o + 2*o**2 - 2*o**2 - t*o**2. Give n(5).
4
Let y(v) = -4*v + 165. Let s be y(42). Let n(x) = 3*x. Give n(s).
-9
Let y(z) = 2 + 8 - 3*z + 9 - 24. Calculate y(-5).
10
Let a(o) = -o**2 - 6*o - 5. Suppose -r + 0 = -1. Let x be -3 + (3 - -1) + r. Suppose -3*i + x*i = 6. Calculate a(i).
-5
Let w(q) = -q**3 - 5*q**2 + 5*q + 3. Let u = -32 + 35. Let o(d) = 2*d**3 + 10*d**2 - 11*d - 5. Let p(f) = u*o(f) + 5*w(f). Determine p(-6).
12
Let q(n) = 0*n + 2*n - 3 + 5 - n. Calculate q(2).
4
Let v(i) = i + 2. Let j(r) = 6*r - 173. Let x be j(27). Give v(x).
-9
Let k(z) = 18*z**2 - 11*z - 15. Let g(u) = -9*u**2 + 6*u + 8. Let o(w) = 7*g(w) + 4*k(w). Let x(b) = 4*b**2 - b - 2. Let t(v) = 3*o(v) - 7*x(v). What is t(0)?
2
Let y be (-8)/(-10)*(23 - -7). Let t = -19 + y. Suppose -k + 45 = t*d + 4*k, -4*k = -2*d + 6. Let u(v) = v - 9. Determine u(d).
-2
Let m(g) = 2*g**2 - g + 1. Let n(k) = -k**3 + 5*k**2 + 4*k + 2. Let l be n(5). Let y = -20 + l. Suppose y*c - 2 = 3*c. Give m(c).
11
Let f = 1 + -3. Let y(u) = -u**2 + u. Let v(z) = -22 - 2*z + 23 + z**2 + 0*z. Let h(d) = -2*v(d) - 3*y(d). Give h(f).
0
Suppose 2*i + 3*b = 12, 4 = 4*i - 4*b - 0. Let v(a) = a + 12*a - i*a + 2*a. Calculate v(1).
12
Suppose 0 = -8*w + 55 - 47. Let t(g) = g**2 + g - 1. Calculate t(w).
1
Let c(x) = x**3 + 9*x**2 + 9*x - 6. Let y(m) = m + 10. Let r be y(-5). Suppose 0 = r*w - 4 + 44. Give c(w).
-14
Let k(o) = -20*o + 320. Let w be k(16). Let f(d) = d**2 + d + 16. Calculate f(w).
16
Let m(j) = j + 6. Let b(a) = 8*a - 8. Let q be b(0). Give m(q).
-2
Suppose k + 2 = r - 1, 0 = k + 2. Let t(v) = -1 + v + 2 + r. Determine t(-5).
-3
Suppose 6 = 4*t - 3*t. Suppose 0 = -4*m + j + 20 + 6, -2*m + 10 = -2*j. Let x(i) = 8 - 7*i**2 - i**2 - m*i + 9*i**2. Calculate x(t).
2
Let l(z) = -z**2 - 20*z + 43. Let w(s) = 2*s**3 - 12*s**2 - 20*s + 20. Let d be w(7). What is l(d)?
-1
Suppose -2*d - 2 = 3*q, 3*q - 173*d = -169*d + 4. Let t(j) be the first derivative of -j**3/3 - 5*j - 1. Calculate t(q).
-5
Let y(v) be the third derivative of 0*v - 14*v**2 - 1/8*v**4 + 0 - 2/3*v**3. Calculate y(-4).
8
Let h(p) = p**3 + 4*p**2 + 6*p + 2. Suppose -357*x + 366*x + 18 = 0. What is h(x)?
-2
Let t = 288 + -403. Let r be 23/t - (-26)/5. Let w(z) = -3*z + 7. Let d(u) = 7*u - 14. Let k(m) = 2*d(m) + 5*w(m). Calculate k(r).
2
Let m(g) = g - 20. Let u(p) = -2*p + 3. Let f(s) = -3*m(s) - 3*u(s). Calculate f(-16).
3
Let u be (-2 - -3)/((56/152)/7). Let w(c) = c**3 - 20*c**2 + 20*c - 28. Give w(u).
-9
Let m be (6/(-12))/((-1)/14). Let g(p) = -8*p - p**3 + m*p**2 + 4*p - 2*p**2 - 1. Let h be (-12)/(-3)*2/2. Calculate g(h).
-1
Suppose 180*w - 322 = 8*w + 11*w. Let u(x) = 16*x - 13. Let s = 17 + -10. Let p(y) = 8*y - 7. Let h(m) = s*p(m) - 4*u(m). Determine h(w).
-13
Suppose 0 = -4*x + 39 - 11. Let c(l) = 10*l**2 - 31*l**